*y, 7*b - y - 75 = 3*b. What is the highest common divisor of b and 36?
18
Let i = -48 - 46. Let z = i + 107. What is the highest common divisor of z and 91?
13
Let p be 1/(-3)*0*-1. Suppose 9*i - 441 - 9 = p. What is the highest common factor of i and 125?
25
Let s = 66 - 16. Let p(o) = 141*o + 448. Let g be p(-3). Calculate the highest common factor of s and g.
25
Let a(c) = c + 12. Let q be a(-5). Suppose -2*s + 3*j = 5*j + 2, -4*s = 5*j + q. What is the highest common divisor of 16 and s?
2
Let b = 17 - 9. Let r be (16/10)/((-22)/275). Let c be 2/(-4) - r/b. Calculate the highest common factor of 2 and c.
2
Let d(n) = 2*n**2 + 2*n - 8. Let b be d(-4). Let o = -4 - -8. Suppose b = t - o. What is the greatest common divisor of 160 and t?
20
Suppose -m - 234 = -5*h, h = -h - 5*m + 72. Let j be h/(-6) + (-2)/(-3). Let y = -3 - j. Calculate the greatest common divisor of 32 and y.
4
Suppose -14 = -4*j - p, 4*j = 5*p - 6 + 8. Calculate the greatest common divisor of j and 177.
3
Suppose -31*p + 1517 = 29. What is the highest common divisor of 84 and p?
12
Suppose -2*o + 390 = 3*u - 128, 3*o - 689 = -4*u. Calculate the greatest common divisor of 64 and u.
16
Suppose 248 = -5*x + 303. Let t be 4396/10 + 2/5. Suppose 3*c - t = -2*c. What is the highest common factor of x and c?
11
Let n = 148 - 147. Calculate the greatest common factor of n and 139.
1
Let s(q) = -q + 0*q - 4 + 6*q - 3*q. Let t(m) = 9*m**2 - 1. Let n be t(1). Let c be s(n). Calculate the highest common divisor of 12 and c.
12
Suppose -2*a = -4*q - 2, -3*q + a = 1 - 0. Let r be (-1 - q) + (-38 + -1)/(-3). Calculate the greatest common divisor of 3 and r.
3
Suppose -5*v + 21426 - 3266 = 0. Let s be 3/(-5) + v/20. Suppose 55 = -3*p + s. What is the greatest common divisor of p and 6?
6
Let g = 45 - 41. Suppose -n = 2*p + g*n - 14, 2*p - 2*n - 28 = 0. Calculate the highest common divisor of p and 36.
12
Let g(z) = z**3 + 14*z**2 + 17*z + 18. Let i be g(-12). Calculate the highest common factor of 17 and i.
17
Let h be 1 + 2 + 6 + 1. Let p = 11 - -170. Let o = p + -101. Calculate the highest common divisor of o and h.
10
Let y = 118 - -205. What is the highest common divisor of y and 19?
19
Let c = 502 - 462. Calculate the greatest common factor of 430 and c.
10
Suppose -3 = c - 5*z, 5*c - 7 - 4 = -z. What is the greatest common factor of c and 9?
1
Let i(j) = -j**3 + 26*j**2 - 44*j + 4. Let q be i(24). What is the greatest common factor of 250 and q?
50
Suppose -4*n = -3*i + 388, 2*i - i + 3*n = 125. Suppose -i - 756 = -4*r. What is the greatest common factor of 13 and r?
13
Let y(s) = -3*s + 2. Suppose -2*v + 14 = -2*x - 2, 0 = 2*x - v + 12. Let i be y(x). Let p be 178/i + 2/7. What is the greatest common factor of 39 and p?
13
Let p = 851 + -656. What is the greatest common factor of p and 91?
13
Suppose -19*x = 68*x - 31059. What is the highest common divisor of x and 84?
21
Suppose -3*p + 26 - 5 = v, 3*v = -3*p + 27. What is the greatest common divisor of p and 54?
6
Let w(n) = 16*n + 15. Let j be w(5). Suppose 0*l = 2*d + 2*l - 44, -5*l = -5*d + 80. Calculate the highest common divisor of j and d.
19
Let f(s) = -32*s - 537. Let i be f(-17). Calculate the highest common factor of i and 91.
7
Let f be (1 - -5 - 5 - -1) + 178. Calculate the highest common divisor of f and 324.
36
Let d = -5 + 14. Suppose -3*y = -499 + 166. Suppose 327 = 6*q + y. Calculate the highest common factor of d and q.
9
Let v = 95 + 17. Let x(n) = 8*n**2 - 2*n. Let k = 10 - 8. Let y be x(k). Calculate the greatest common factor of y and v.
28
Suppose -20*h + 228 = -8*h. Let s = h - 18. Calculate the greatest common factor of 1 and s.
1
Suppose -3*t + 25 = 2*t. Suppose 33 = 2*v - 0*m + 5*m, 4*v - 21 = t*m. Let w be v + -6 + -1 + 4. What is the highest common factor of w and 18?
6
Let k be 4/(-14) + 24/(-14). Let m = -223 + 159. Let g be (-2)/(m/(-36) + k). What is the greatest common factor of g and 1?
1
Suppose 10 - 40 = -5*k. Suppose -4*t = -k*q + q - 172, 132 = 4*t + 5*q. Let i = -34 - -91. Calculate the highest common factor of t and i.
19
Let h(w) = -w**3 - w + 5. Let m be h(-3). What is the greatest common factor of 56 and m?
7
Suppose 0 = -r + 2*r - 5. Let a be (-7 + r)*39/(-2). Calculate the highest common divisor of a and 13.
13
Let g be -13*(-1 - (-1 + 3)). Let b be 4/18 - (-32)/18. Suppose -2*k + 13 = -3*f - 22, 6 = -b*f. Calculate the greatest common divisor of g and k.
13
Suppose 0 = 7*r + 4 - 18. Let x = 2 + 7. Let k be ((-12)/(-9))/(6/x). Calculate the highest common factor of r and k.
2
Let d(f) = -4*f + 18. Let x be d(5). Let q be 17 + (-2 - (-4 - x)). Let k = 8 - -111. Calculate the highest common divisor of k and q.
17
Suppose k = -0*k + 84. Suppose -k = -5*t - 34. Suppose 0 = 4*j - n - 2*n - 271, -3*j - 5*n = -225. What is the greatest common divisor of t and j?
10
Let c = 254 - -69. Calculate the highest common factor of 17 and c.
17
Suppose -3*r = -t - 0*r + 24, -4*t - 2*r + 54 = 0. Let z be (-1*1)/(t/405). Let k = 38 + z. Calculate the highest common factor of 66 and k.
11
Let w(t) = 10*t - 57. Let f be w(6). Let d be (22 + 0)*(-3)/(-6). Suppose f*p + u = 11 + d, -3*p + 26 = 2*u. Calculate the highest common divisor of p and 24.
6
Let w = -706 - -710. Calculate the greatest common divisor of w and 10.
2
Let f(d) = d + 12. Let v be f(-9). Suppose 0 = -2*i - 8, v*i - 2*i + 60 = 4*x. Calculate the greatest common factor of x and 21.
7
Let r = -443 + 675. Suppose -4*p - 128 = -4*d + 2*d, 3*d + 4*p - r = 0. What is the highest common factor of 36 and d?
36
Let u = -55 - -79. Suppose 0 = -2*v + 4, 4*v - u = -4*c. Suppose 4*r - 4 = c. What is the greatest common divisor of 10 and r?
2
Suppose 5*v - 17 = -2*b, 5*b = -5*v + 6*b + 29. Let n be (-2)/v - (-564)/10. What is the highest common factor of 84 and n?
28
Let g be (93/10)/((-23)/(-230)). Calculate the highest common divisor of g and 837.
93
Suppose -58*c = -2566 + 188. Calculate the greatest common divisor of c and 656.
41
Let t be (91 - (2 + -3)) + -2. Let a = 23 - 18. Suppose 3*y = -5*w + 8 + 7, -3*w = a*y - 41. What is the greatest common factor of t and y?
10
Let z be (2 + 8)/(6 + -4). Calculate the greatest common factor of z and 11.
1
Let v(b) = b**2 - 7*b + 14. Let z be v(7). Let m(c) = -c**3 + 7*c**2 - 2*c + 5. Let h be m(7). Let s = h + 11. Calculate the greatest common divisor of z and s.
2
Let p be (-4)/14 - 156/(-7). Let w be (-4)/(-7) - (12 + (-10440)/105). What is the greatest common divisor of w and p?
22
Let c be (-1)/(-3) + (-4)/12. Suppose c = 2*f + 2*f - 112. Suppose -3*u = b - 16, -b = 4*u + 2*b - f. Calculate the greatest common factor of u and 32.
4
Suppose h = 13 - 8. Suppose -3*f + 14 = -4*m - 10, 3*m - 11 = -h*f. Calculate the greatest common divisor of 28 and f.
4
Suppose 7 = 3*w - 5. Let q be 75/10*8/3. Suppose 0 = -w*o - q, -3*o = -x + 2*o + 36. Calculate the highest common divisor of 11 and x.
11
Suppose -y + 28 = 6*y. Suppose y*b - 32 = 5*u + 11, 63 = 4*b - u. What is the greatest common divisor of b and 17?
17
Let q = -239 - -437. What is the greatest common divisor of 18 and q?
18
Suppose l - 1 = 2. Suppose l = -2*j - 5*n, 5*n + 0*n = 3*j - 8. Calculate the highest common factor of 9 and j.
1
Let b(i) = i**2 + i + 5. Let p = -28 - -25. Let z be b(p). What is the highest common divisor of z and 44?
11
Suppose 50*p - 700 = 46*p. Let j = -91 + p. Calculate the greatest common factor of 21 and j.
21
Suppose 0 = -6*p + 45 + 111. Suppose 4*z + 4*b = 62 + p, 4*z - 80 = 4*b. Calculate the greatest common divisor of 21 and z.
21
Suppose 4*u - 3*u = 5*f - 376, u + 151 = 2*f. Let t = f + -37. Let p = 62 + t. Calculate the greatest common divisor of 20 and p.
20
Suppose 4*t + 2 = 10. Suppose 6*s - t*s = 20. Suppose l + l + 2*x = 22, l + s*x - 7 = 0. What is the greatest common factor of 36 and l?
12
Suppose -41*i = -46*i + 5. Let g be (114/3 - 7) + (2 - i). What is the greatest common divisor of 48 and g?
16
Let r be (-8)/((-192)/40)*(-1 - -37). What is the greatest common factor of r and 960?
60
Let q(m) = -m + 16. Let c be q(8). Suppose -k + 5*k - 800 = 0. Suppose -3*d = -c*d + k. Calculate the greatest common divisor of d and 8.
8
Let b be -12*((-309)/54 - 6/(-27)). Let m be (-2)/(4/1)*(-308)/7. What is the highes